{"id":3,"date":"2021-01-14T14:20:38","date_gmt":"2021-01-14T17:20:38","guid":{"rendered":"http:\/\/motors.cl\/2021\/?page_id=3"},"modified":"2024-09-27T12:45:57","modified_gmt":"2024-09-27T15:45:57","slug":"politica-de-privacidad","status":"publish","type":"page","link":"https:\/\/motors.cl\/catalogo\/politica-de-privacidad\/","title":{"rendered":"Pol\u00edticas de Privacidad"},"content":{"rendered":"<p>[vc_row css_animation=\u00bb\u00bb row_type=\u00bbrow\u00bb use_row_as_full_screen_section=\u00bbno\u00bb type=\u00bbgrid\u00bb angled_section=\u00bbno\u00bb text_align=\u00bbleft\u00bb background_image_as_pattern=\u00bbwithout_pattern\u00bb z_index=\u00bb\u00bb css=\u00bb.vc_custom_1616532478933{background-color: #ffffff !important;}\u00bb][vc_column width=\u00bb1\/2&#8243; offset=\u00bbvc_hidden-sm vc_hidden-xs\u00bb][vc_single_image image=\u00bb604&#8243; img_size=\u00bbfull\u00bb qode_css_animation=\u00bb\u00bb][\/vc_column][vc_column width=\u00bb1\/2&#8243;][vc_single_image image=\u00bb2038&#8243; img_size=\u00bbfull\u00bb qode_css_animation=\u00bb\u00bb][\/vc_column][\/vc_row][vc_row css_animation=\u00bb\u00bb row_type=\u00bbrow\u00bb use_row_as_full_screen_section=\u00bbno\u00bb type=\u00bbgrid\u00bb angled_section=\u00bbno\u00bb text_align=\u00bbleft\u00bb background_image_as_pattern=\u00bbwithout_pattern\u00bb z_index=\u00bb\u00bb padding_top=\u00bb23&#8243;][vc_column][vc_column_text]<\/p>\n<h1>Pol\u00edticas de privacidad y Condiciones de Uso<\/h1>\n<p>[\/vc_column_text][vc_separator type=\u00bbsmall\u00bb position=\u00bbleft\u00bb color=\u00bb#fab012&#8243; thickness=\u00bb4&#8243; width=\u00bb48&#8243; up=\u00bb8&#8243; down=\u00bb8&#8243;][\/vc_column][\/vc_row][vc_row css_animation=\u00bb\u00bb row_type=\u00bbrow\u00bb use_row_as_full_screen_section=\u00bbno\u00bb type=\u00bbgrid\u00bb angled_section=\u00bbno\u00bb text_align=\u00bbleft\u00bb background_image_as_pattern=\u00bbwithout_pattern\u00bb z_index=\u00bb\u00bb padding_bottom=\u00bb33&#8243; padding_top=\u00bb21&#8243;][vc_column]<div class=\"qode-accordion-holder clearfix qode-accordion qode-initial \">\n\t<h4 class=\"clearfix qode-title-holder\">\n<span class=\"qode-tab-title\">\n\t\t\t<span class=\"qode-tab-title-icon\">\n\t\t\t<i class=\"qode_icon_font_awesome fa fa-asterisk \" ><\/i>\t\t<\/span>\n\t    <span class=\"qode-tab-title-inner\">\n        DISPOSICIONES GENERALES    <\/span>\n<\/span>\n<span class=\"qode-accordion-mark\">\n    <span class=\"qode-accordion-mark-icon\">\n        <span class=\"icon_plus\"><\/span>\n        <span class=\"icon_minus-06\"><\/span>\n    <\/span>\n<\/span>\n<\/h4>\n<div  class=\"qode-accordion-content qode-acc-title-with-icon\" >\n    <div class=\"qode-accordion-content-inner\">\n        [vc_column_text]La Empresa Authievre Motors Center Limitada, RUT 77.864.520-3, domiciliada para todos los efectos en calle Av. Am\u00e9rico Vespucio Norte 1155, locales H12 y H13 Huechuraba, ha elaborado estos t\u00e9rminos y condiciones con el prop\u00f3sito que los consumidores registrados o no registrados tengan conocimiento sobre el proceso de compra en www.motors.cl.[\/vc_column_text]    <\/div>\n<\/div><h4 class=\"clearfix qode-title-holder\">\n<span class=\"qode-tab-title\">\n\t\t\t<span class=\"qode-tab-title-icon\">\n\t\t\t<i class=\"qode_icon_font_awesome fa fa-asterisk \" ><\/i>\t\t<\/span>\n\t    <span class=\"qode-tab-title-inner\">\n        REPRESENTACION LEGAL    <\/span>\n<\/span>\n<span class=\"qode-accordion-mark\">\n    <span class=\"qode-accordion-mark-icon\">\n        <span class=\"icon_plus\"><\/span>\n        <span class=\"icon_minus-06\"><\/span>\n    <\/span>\n<\/span>\n<\/h4>\n<div  class=\"qode-accordion-content qode-acc-title-with-icon\" >\n    <div class=\"qode-accordion-content-inner\">\n        [vc_column_text]Para todos los efectos legales y relacionados con la presente informaci\u00f3n, Authievre Motors designa como representante legal de la empresa al se\u00f1or Danilo Authievre Auda, C\u00e9dula de Identidad N\u00b013.049.409-9, domiciliado en Av. Am\u00e9rico Vespucio Norte 1155, locales H12 y H13 Huechuraba.[\/vc_column_text]    <\/div>\n<\/div><h4 class=\"clearfix qode-title-holder\">\n<span class=\"qode-tab-title\">\n\t\t\t<span class=\"qode-tab-title-icon\">\n\t\t\t<i class=\"qode_icon_font_awesome fa fa-asterisk \" ><\/i>\t\t<\/span>\n\t    <span class=\"qode-tab-title-inner\">\n        GARANTIAS, CAMBIOS Y DEVOLUCIONES    <\/span>\n<\/span>\n<span class=\"qode-accordion-mark\">\n    <span class=\"qode-accordion-mark-icon\">\n        <span class=\"icon_plus\"><\/span>\n        <span class=\"icon_minus-06\"><\/span>\n    <\/span>\n<\/span>\n<\/h4>\n<div  class=\"qode-accordion-content qode-acc-title-with-icon\" >\n    <div class=\"qode-accordion-content-inner\">\n        [vc_column_text]5.1. Derecho de retracto para las Compras en la Plataforma.<\/p>\n<p>De acuerdo con el art\u00edculo 3 bis letra b) de la Ley 19.496 Sobre Protecci\u00f3n de los Derechos de los Consumidores, el consumidor podr\u00e1 retractarse de la compra de productos efectuada en la \u201cplataforma\u201d, utilizando los mismos medios que emple\u00f3 para celebrar el contrato, dentro del plazo de 10 d\u00edas contados desde la recepci\u00f3n del producto.<br \/>\nInformamos a los Usuarios, que la ley define algunas excepciones y no otorga retracto cuando se trate de la compra de servicios de uso inmediato, como pueden ser el cambio de aceite o de otros fluidos o aditivos necesarios para el funcionamiento del motor.<br \/>\nSi el Usuario ejerciera este derecho, se le devolver\u00e1n las sumas abonadas, sin retenci\u00f3n de gastos, a la mayor brevedad posible y, en cualquier caso, antes de 45 d\u00edas siguientes a la comunicaci\u00f3n del retracto. Trat\u00e1ndose de servicios, la devoluci\u00f3n s\u00f3lo comprender\u00e1 aquellas sumas abonadas que no correspondan a servicios ya prestados al Usuario a la fecha del<br \/>\nretracto.<br \/>\nLos productos deber\u00e1n restituirse en buen estado junto con los elementos originales del embalaje, como las etiquetas, certificados de garant\u00eda, manuales de uso, cajas, elementos de protecci\u00f3n o su valor respectivo, previamente informado.<\/p>\n<p>Para ejercer su derecho a retracto, el Usuario solo debe llamar al Call Center tel\u00e9fono 22 3300 4053<br \/>\nLa Plataforma de conformidad con el derecho que le reconoce el art\u00edculo 3 bis letra b) de la ley 19.496 Sobre Protecci\u00f3n de los Derechos de los Consumidores, no otorga derecho de retracto respecto de los servicios que se contraten a trav\u00e9s de esta. Por ello en caso de retracto de la compra, la devoluci\u00f3n solo considerar\u00e1 el precio pagado por el o los productos.<br \/>\nEl Usuario puede llevar el producto directamente a cualquiera de nuestras tiendas El retracto no proceder\u00e1 si el producto se hubiera deteriorado por razones imputables al consumidor.<\/p>\n<p>5.2. Derecho de Retracto para las Compras en Presenciales.<br \/>\nPara las compras de productos realizadas en forma presencial en alguna de las tiendas f\u00edsicas de Authievre Motors, sin que el Usuario hubiere tenido acceso directo al bien antes de la compra, este dispondr\u00e1 de un plazo de 10 d\u00edas desde que recibi\u00f3 el producto para ejercer su derecho a retracto, siempre que el producto no se haya deteriorado por razones imputables al Usuario. El Usuario deber\u00e1 devolver el producto sin uso y con todos los elementos originales del embalaje, como etiquetas, certificados de garant\u00eda, manuales de uso, cajas y\/o elemento de protecci\u00f3n.<br \/>\nPara acreditar la compra el Usuario puede presentar v\u00e1ucher, boleta o factura. Si no tiene alguno de estos documentos, puede pedir un duplicado de la boleta o la factura en la tienda solo utilizando tu n\u00famero de RUT o patente del veh\u00edculo.<\/p>\n<p>Para ejercer su derecho a retracto, solo debe llamar al Call Center tel\u00e9fono 22 3300 4053.[\/vc_column_text]    <\/div>\n<\/div><h4 class=\"clearfix qode-title-holder\">\n<span class=\"qode-tab-title\">\n\t\t\t<span class=\"qode-tab-title-icon\">\n\t\t\t<i class=\"qode_icon_font_awesome fa fa-asterisk \" ><\/i>\t\t<\/span>\n\t    <span class=\"qode-tab-title-inner\">\n        Garant\u00eda M\u00ednima Legal.    <\/span>\n<\/span>\n<span class=\"qode-accordion-mark\">\n    <span class=\"qode-accordion-mark-icon\">\n        <span class=\"icon_plus\"><\/span>\n        <span class=\"icon_minus-06\"><\/span>\n    <\/span>\n<\/span>\n<\/h4>\n<div  class=\"qode-accordion-content qode-acc-title-with-icon\" >\n    <div class=\"qode-accordion-content-inner\">\n        [vc_column_text]La Legislaci\u00f3n vigente en Chile (ley 19.496 Sobre Protecci\u00f3n de los Derechos de los Consumidores) actualizada mediante la ley 21.398, considera la garant\u00eda m\u00ednima legal, en los art\u00edculos 19, 20 y 21 estableciendo que:<\/p>\n<p>1. Cuando la cantidad o el contenido neto de un producto sea inferior al indicado en el envase o empaque: el consumidor tendr\u00e1 derecho a la reposici\u00f3n del producto o, en su defecto, a optar por la bonificaci\u00f3n de su valor en la compra de otro o por la devoluci\u00f3n del precio que haya pagado en exceso.<\/p>\n<p>2. En los casos descritos en el art\u00edculo 20, que detallamos a continuaci\u00f3n, el consumidor tiene el derecho irrenunciable a optar, a su arbitrio, entre la reparaci\u00f3n gratuita del bien o, previa restituci\u00f3n, su reposici\u00f3n o la devoluci\u00f3n de la cantidad pagada, sin perjuicio de la indemnizaci\u00f3n por los da\u00f1os ocasionados. Lo anterior, siempre que el producto no se hubiera deteriorado por hecho imputable al consumidor.<\/p>\n<p>Los casos son:<\/p>\n<ul>\n<li>Cuando los productos sujetos a normas de seguridad o calidad de cumplimiento obligatorio no cumplan las especificaciones correspondientes;<\/li>\n<li>Cuando los materiales, partes, piezas, elementos, sustancias o ingredientes que constituyan o integren los productos no correspondan a las especificaciones que ostenten o a las menciones del rotulado;<\/li>\n<li>Cuando cualquier producto, por deficiencias de fabricaci\u00f3n, elaboraci\u00f3n, materiales, partes, piezas, elementos, sustancias, ingredientes, estructura, calidad o condiciones sanitarias, en su caso, no sea enteramente apto para el uso o consumo al que est\u00e1 destinado o al que el proveedor hubiese se\u00f1alado en su publicidad;<\/li>\n<li>Cuando el proveedor y consumidor hubieren convenido que los productos objeto del contrato deban reunir determinadas especificaciones y esto no ocurra;<\/li>\n<li>Cuando despu\u00e9s de la primera vez de haberse hecho efectiva la garant\u00eda y prestado el servicio t\u00e9cnico correspondiente, subsistieren las deficiencias que hagan al bien inapto para el uso o consumo a que se refiere la letra c. Sin perjuicio de lo anterior, no ser\u00e1 necesario hacer efectivas las garant\u00edas otorgadas por el proveedor para ejercer este derecho.<\/li>\n<\/ul>\n<p>Este derecho subsistir\u00e1 para el evento de presentarse una deficiencia distinta a la que fue objeto del servicio t\u00e9cnico, o volviere a presentarse la misma, dentro de los plazos establecidos en la ley;<\/p>\n<p>Cuando la cosa objeto del contrato tenga defectos o vicios ocultos que imposibiliten el uso a que habitualmente se destine;<\/p>\n<p>Para los efectos del art\u00edculo 20, la ley 19.496, establece que se considerar\u00e1 que es un solo bien aquel que se ha vendido como un todo, aunque est\u00e9 conformado por distintas unidades, partes, piezas o m\u00f3dulos, no obstante que \u00e9stas puedan o no prestar una utilidad en forma independiente unas de otras. Sin perjuicio de ello, trat\u00e1ndose de su reposici\u00f3n, \u00e9sta se podr\u00e1 efectuar respecto de una unidad, parte, pieza o m\u00f3dulo, siempre que sea por otra igual a la que se restituye.<br \/>\nEn el caso de productos perecibles o que por su naturaleza est\u00e9n destinados a ser usados o consumidos en plazos breves, el plazo de la garant\u00eda m\u00ednima legal ser\u00e1 el impreso en el producto o su envoltorio o, en su defecto, el t\u00e9rmino m\u00e1ximo de siete d\u00edas.<br \/>\nSi la naturaleza del defecto falla y\/o desperfecto lo amerita, el producto ser\u00e1 derivado al Servicio T\u00e9cnico para la verificaci\u00f3n y certificaci\u00f3n, dentro de un plazo de 15 d\u00edas h\u00e1biles, de la causa u origen de lo reclamado. Si por la naturaleza del defecto o falla y\/o como consecuencia de la evaluaci\u00f3n del producto, resulta evidente que la causa del reclamo no es atribuible al consumidor, este puede elegir entre devoluci\u00f3n de lo pagado, previa devoluci\u00f3n del producto, o cambio, o reparaci\u00f3n del producto. En estos casos, el costo del traslado ser\u00e1 de cargo de Authievre Motors.<br \/>\nCuando el consumidor opte por la reparaci\u00f3n, podr\u00e1 dirigirse, indistinta o conjuntamente, al vendedor, al fabricante o al importador.<br \/>\nSi prestado el servicio de reparaci\u00f3n, subsistieran las deficiencias que hagan al bien inapto para el uso o consumo, el consumidor podr\u00e1 optar entre su reposici\u00f3n o la devoluci\u00f3n de la cantidad pagada.<br \/>\nSi el consumidor, opta por la devoluci\u00f3n de la cantidad pagada, deber\u00e1 dirigirse al vendedor.<br \/>\nEn este caso, el plazo para ejercer la acci\u00f3n se contar\u00e1 desde la fecha de la correspondiente factura o boleta y no se suspender\u00e1 en caso alguno. Si la devoluci\u00f3n se acordara una vez expirado el plazo a que se refiere el art\u00edculo 70 del decreto Ley N\u00ba 825, de 1974, el consumidor s\u00f3lo tendr\u00e1 derecho a recuperar el precio neto del bien, excluidos los impuestos correspondientes.<br \/>\nEl plazo de la garant\u00eda m\u00ednima legal y el que contemple la p\u00f3liza de garant\u00eda otorgada por el proveedor, se suspender\u00e1n durante el tiempo en que est\u00e9 siendo ejercida cualquiera de las garant\u00edas.<br \/>\nPara ejercer su derecho a la garant\u00eda m\u00ednima legal, el consumidor deber\u00e1 acreditar el acto o contrato con la documentaci\u00f3n respectiva, salvo en casos en que el proveedor tribute bajo el r\u00e9gimen de renta presunta, en los cuales el acto o contrato podr\u00e1 ser acreditado mediante todos los medios de prueba que sean conducentes.<\/p>\n<p>Importante: de conformidad a lo establecido expresamente en el Art\u00edculo 21 de la Ley del Consumidor, el plazo para ejercer los derechos que contemplan los art\u00edculos 19 y 20 del mismo cuerpo legal deber\u00e1 hacerse efectivo ante el vendedor dentro de los<br \/>\nSEIS MESES siguientes a la fecha en que se haya recibido el producto, siempre que \u00e9ste no se hubiera deteriorado por hecho imputable al consumidor. Si el producto se hubiera vendido con determinada garant\u00eda, prevalecer\u00e1 el plazo por la cual \u00e9sta se<br \/>\nextendi\u00f3 si fuere mayor.[\/vc_column_text]    <\/div>\n<\/div><h4 class=\"clearfix qode-title-holder\">\n<span class=\"qode-tab-title\">\n\t\t\t<span class=\"qode-tab-title-icon\">\n\t\t\t<i class=\"qode_icon_font_awesome fa fa-asterisk \" ><\/i>\t\t<\/span>\n\t    <span class=\"qode-tab-title-inner\">\n        DEL PROCEDIMIENTO GENERAL PARA HACER VALER LOS DERECHOS DEL CONSUMIDOR    <\/span>\n<\/span>\n<span class=\"qode-accordion-mark\">\n    <span class=\"qode-accordion-mark-icon\">\n        <span class=\"icon_plus\"><\/span>\n        <span class=\"icon_minus-06\"><\/span>\n    <\/span>\n<\/span>\n<\/h4>\n<div  class=\"qode-accordion-content qode-acc-title-with-icon\" >\n    <div class=\"qode-accordion-content-inner\">\n        [vc_column_text]Cuando un consumidor desee hacer efectivo cualquiera de los derechos garantizados en la Ley, bastar\u00e1 que a su elecci\u00f3n opte por comunicar aquello a Authievre Motors Center ya sea: De manera telef\u00f3nica al 22 3300 4053. En este caso, la persona que reciba la comunicaci\u00f3n formal deber\u00e1, de manera conjunta con el cliente, dejar constancia completa del hecho fundante, la garant\u00eda reclamada, los detalles relacionados con el hecho, fecha y forma de adquisici\u00f3n del producto, de ser posible el local o punto de entrega de producto; el documento tributario que respalda la transacci\u00f3n y da cuenta de la fecha de entrega material del mismo. Junto con ello, deber\u00e1 siempre identificar al consumidor reclamante y al menos el tel\u00e9fono y correo electr\u00f3nico donde pueda hacer llegar una copia de la reclamaci\u00f3n para respaldo del cliente.<br \/>\nUna vez que el colaborador hubiera completado la informaci\u00f3n relevante, deber\u00e1 informar al cliente del plazo que la empresa ha definido como razonable para que el responsable tome contacto con \u00e9l, siempre por la v\u00eda de correo electr\u00f3nico y luego de ello, elevar la informaci\u00f3n al nivel adecuado de manera tal de dar cumplimiento a lo solicitado por el cliente en los plazos predefinidos para el efecto De manera presencial (directamente en el local donde hubiera sido atendido o en cualquier otro de los puntos de atenci\u00f3n presencial de la empresa) Cuando un cliente hace saber su intenci\u00f3n de hacer valer la garant\u00eda con cualquier producto o<br \/>\nservicio expedido por la empresa, el jefe de local deber\u00e1 llenar de manera conjunta con el cliente el formulario respectivo y acompa\u00f1ar los antecedentes que respalden el derecho de hacer efectiva la garant\u00eda impetrada. El jefe de local deber\u00e1 comunicar los plazos tentativos de soluci\u00f3n y hacerle presente todas las alternativas disponibles para resguardar dichos derechos.<br \/>\nA trav\u00e9s de correo electr\u00f3nico: En este caso, el cliente debe enviar un correo a postventa@motors.cl, se\u00f1alando los hechos fundantes, la garant\u00eda reclamada, fecha y forma de adquisici\u00f3n del producto, de ser posible el local o punto de entrega de producto; el documento tributario que respalda la transacci\u00f3n y da cuenta de la fecha de entrega material del mismo.<br \/>\nJunto con ello, deber\u00e1 proveer de los antecedentes que le identifiquen y faciliten el contacto y soluci\u00f3n incluyendo al menos el tel\u00e9fono y correo electr\u00f3nico donde pueda hacerse llegar una copia de la reclamaci\u00f3n para respaldo del cliente.<br \/>\nUna vez que el colaborador responsable de gestionar y canalizar estos correos haya verificado que la informaci\u00f3n est\u00e1 completa y que los hechos en que se funda la reclamaci\u00f3n est\u00e1n debidamente establecidos, deber\u00e1 informar al cliente del plazo que la empresa ha definido como razonable para que el representante tome contacto con \u00e9l, siempre por la v\u00eda de correo electr\u00f3nico y luego de ello, elevar la informaci\u00f3n al nivel adecuado de manera tal de dar cumplimiento a lo solicitado por el cliente en los plazos predefinidos para el efecto.[\/vc_column_text]    <\/div>\n<\/div><\/div>[vc_empty_space][\/vc_column][\/vc_row][vc_row css_animation=\u00bb\u00bb row_type=\u00bbrow\u00bb use_row_as_full_screen_section=\u00bbno\u00bb type=\u00bbfull_width\u00bb angled_section=\u00bbno\u00bb text_align=\u00bbleft\u00bb background_image_as_pattern=\u00bbwithout_pattern\u00bb][vc_column][vc_empty_space][\/vc_column][\/vc_row][vc_row css_animation=\u00bb\u00bb row_type=\u00bbrow\u00bb use_row_as_full_screen_section=\u00bbno\u00bb type=\u00bbgrid\u00bb angled_section=\u00bbno\u00bb text_align=\u00bbleft\u00bb background_image_as_pattern=\u00bbwithout_pattern\u00bb z_index=\u00bb\u00bb padding_top=\u00bb20&#8243; padding_bottom=\u00bb20&#8243; css=\u00bb.vc_custom_1618367977756{background-color: #1668ff !important;}\u00bb][vc_column width=\u00bb1\/4&#8243;][vc_single_image image=\u00bb504&#8243; alignment=\u00bbcenter\u00bb qode_css_animation=\u00bb\u00bb][vc_column_text]<\/p>\n<h4 style=\"text-align: center; color: #ffffff;\">Elija sus neum\u00e1ticos<\/h4>\n<p>[\/vc_column_text][\/vc_column][vc_column width=\u00bb1\/4&#8243;][vc_single_image image=\u00bb507&#8243; alignment=\u00bbcenter\u00bb qode_css_animation=\u00bb\u00bb][vc_column_text]<\/p>\n<h4 style=\"text-align: center; color: #ffffff;\">Seleccione la sucursal para<br \/>\nsu instalaci\u00f3n<\/h4>\n<p>[\/vc_column_text][\/vc_column][vc_column width=\u00bb1\/4&#8243;][vc_single_image image=\u00bb506&#8243; alignment=\u00bbcenter\u00bb qode_css_animation=\u00bb\u00bb][vc_column_text]<\/p>\n<h4 style=\"color: #ffffff; text-align: center;\">Seleccione la fecha<br \/>\nde instalaci\u00f3n<\/h4>\n<p>[\/vc_column_text][\/vc_column][vc_column width=\u00bb1\/4&#8243;][vc_single_image image=\u00bb505&#8243; alignment=\u00bbcenter\u00bb qode_css_animation=\u00bb\u00bb][vc_column_text]<\/p>\n<h4 style=\"text-align: center; color: #ffffff;\">Pague los neum\u00e1ticos<\/h4>\n<p>[\/vc_column_text][\/vc_column][\/vc_row][vc_row css_animation=\u00bb\u00bb row_type=\u00bbrow\u00bb use_row_as_full_screen_section=\u00bbno\u00bb type=\u00bbgrid\u00bb angled_section=\u00bbno\u00bb text_align=\u00bbleft\u00bb background_image_as_pattern=\u00bbwithout_pattern\u00bb padding_top=\u00bb2&#8243; padding_bottom=\u00bb2&#8243; css=\u00bb.vc_custom_1618367956247{background-color: #fdc202 !important;}\u00bb z_index=\u00bb\u00bb][vc_column]<div class=\"container_inner\"><div class=\"call_to_action normal\" style=\"background-color: #fdc202;\"><div class=\"two_columns_75_25 clearfix\"><div class=\"text_wrapper column1\"><div class=\"call_to_action_text \" style=\"\">\n<h2>Tienes Consultas? Ll\u00e1manos: <span style=\"color: #ffffff;\"><a class=\"unsubscribe\" href=\"tel:+56233004053\">(+56) 2 3300 4053<\/a><\/span><\/h2>\n<h5>Tenemos un experto para asesorarte.<\/h5>\n<\/div><\/div><div class=\"button_wrapper column2\"><a itemprop=\"url\" href=\"https:\/\/motors.cl\/catalogo\/contacto\/\" class=\"qbutton white \" target=\"_self\" style=\"color: #1a1a1a;border-color: #ffffff;background-color: #ffffff;\"data-hover-background-color=#1a1a1a data-hover-border-color=#1a1a1a data-hover-color=#ffffff>ESCRIBENOS<\/a><\/div><\/div><\/div><\/div>[\/vc_column][\/vc_row]<\/p>\n","protected":false},"excerpt":{"rendered":"<p>[vc_row css_animation=\u00bb\u00bb row_type=\u00bbrow\u00bb use_row_as_full_screen_section=\u00bbno\u00bb type=\u00bbgrid\u00bb angled_section=\u00bbno\u00bb text_align=\u00bbleft\u00bb background_image_as_pattern=\u00bbwithout_pattern\u00bb z_index=\u00bb\u00bb css=\u00bb.vc_custom_1616532478933{background-color: #ffffff !important;}\u00bb][vc_column width=\u00bb1\/2&#8243; offset=\u00bbvc_hidden-sm vc_hidden-xs\u00bb][vc_single_image image=\u00bb604&#8243; img_size=\u00bbfull\u00bb qode_css_animation=\u00bb\u00bb][\/vc_column][vc_column width=\u00bb1\/2&#8243;][vc_single_image image=\u00bb2038&#8243; img_size=\u00bbfull\u00bb qode_css_animation=\u00bb\u00bb][\/vc_column][\/vc_row][vc_row css_animation=\u00bb\u00bb row_type=\u00bbrow\u00bb use_row_as_full_screen_section=\u00bbno\u00bb type=\u00bbgrid\u00bb angled_section=\u00bbno\u00bb text_align=\u00bbleft\u00bb background_image_as_pattern=\u00bbwithout_pattern\u00bb z_index=\u00bb\u00bb padding_top=\u00bb23&#8243;][vc_column][vc_column_text] Pol\u00edticas de privacidad y Condiciones de Uso [\/vc_column_text][vc_separator type=\u00bbsmall\u00bb position=\u00bbleft\u00bb color=\u00bb#fab012&#8243; thickness=\u00bb4&#8243; width=\u00bb48&#8243; up=\u00bb8&#8243;&#8230;<\/p>\n","protected":false},"author":1,"featured_media":0,"parent":0,"menu_order":0,"comment_status":"closed","ping_status":"open","template":"full_width.php","meta":[],"_links":{"self":[{"href":"https:\/\/motors.cl\/catalogo\/wp-json\/wp\/v2\/pages\/3"}],"collection":[{"href":"https:\/\/motors.cl\/catalogo\/wp-json\/wp\/v2\/pages"}],"about":[{"href":"https:\/\/motors.cl\/catalogo\/wp-json\/wp\/v2\/types\/page"}],"author":[{"embeddable":true,"href":"https:\/\/motors.cl\/catalogo\/wp-json\/wp\/v2\/users\/1"}],"replies":[{"embeddable":true,"href":"https:\/\/motors.cl\/catalogo\/wp-json\/wp\/v2\/comments?post=3"}],"version-history":[{"count":24,"href":"https:\/\/motors.cl\/catalogo\/wp-json\/wp\/v2\/pages\/3\/revisions"}],"predecessor-version":[{"id":2869,"href":"https:\/\/motors.cl\/catalogo\/wp-json\/wp\/v2\/pages\/3\/revisions\/2869"}],"wp:attachment":[{"href":"https:\/\/motors.cl\/catalogo\/wp-json\/wp\/v2\/media?parent=3"}],"curies":[{"name":"wp","href":"https:\/\/api.w.org\/{rel}","templated":true}]}}